53
In base 11, what is -115 - 479?
-593
In base 11, what is -261 + a5040?
a488a
In base 10, what is 4959 + 5897?
10856
In base 7, what is 114531411 - 2?
114531406
In base 16, what is -7436bf - 4?
-7436c3
In base 10, what is 0 + 1880437?
1880437
In base 16, what is -12979 + -fd?
-12a76
In base 7, what is -162220606 + 1?
-162220605
In base 6, what is -201332 - 1225?
-203001
In base 13, what is -12c0007 - 7c?
-12c0086
In base 10, what is -279579595 + -2?
-279579597
In base 13, what is 2 - -51c402?
51c404
In base 14, what is 5 - 21454204?
-214541dd
In base 12, what is 3240aa5 + -3?
3240aa2
In base 8, what is 0 + 475013?
475013
In base 7, what is 555361 - 2114?
553244
In base 6, what is -2 + -145044313?
-145044315
In base 5, what is -101444402 - -43210?
-101401142
In base 6, what is 20552220331 - -2?
20552220333
In base 5, what is 2 + 11403320114?
11403320121
In base 9, what is -30165 - 40151?
-70326
In base 16, what is 2 - -4d2c9b2?
4d2c9b4
In base 10, what is -27 + 924957?
924930
In base 9, what is -850 + -1185858?
-1186818
In base 15, what is d + -86cc09?
-86cbeb
In base 2, what is 1110000100011011111000010 - 10?
1110000100011011111000000
In base 13, what is -3acc56bc - -5?
-3acc56b7
In base 13, what is -245 + 11a91?
11849
In base 9, what is 3 - 2012541?
-2012537
In base 5, what is -434 + -2144010?
-2144444
In base 12, what is -96 + 56a99?
56a03
In base 14, what is -2 + -b29412?
-b29414
In base 12, what is 165 + 4427?
4590
In base 15, what is 5ce7c - -17?
5ce94
In base 15, what is -89a2314 + -4?
-89a2318
In base 15, what is 2705532b - 2?
27055329
In base 8, what is 2271546 + 31?
2271577
In base 11, what is 1251 - -753?
19a4
In base 15, what is -27 + 741e?
73e7
In base 9, what is 222566 + 1716?
224383
In base 11, what is -2690a - -2550?
-2436a
In base 15, what is 6794 + 3d6?
6b7a
In base 13, what is 14 - -4704?
4718
In base 4, what is 23101013 + 11203?
23112222
In base 6, what is -35 - 51442324?
-51442403
In base 4, what is 21201320 + 1130011?
22331331
In base 10, what is -23159 + -654?
-23813
In base 5, what is 313234031121 + -3?
313234031113
In base 11, what is -51 - 1474413?
-1474464
In base 16, what is 1c5509a5 + 1?
1c5509a6
In base 11, what is 7a11635 + 24?
7a11659
In base 13, what is -21a695 - ca?
-21a792
In base 6, what is -5 - 10420135113?
-10420135122
In base 4, what is 103110220201 - 1303?
103110212232
In base 7, what is -1010115 + -1616?
-1012034
In base 3, what is -12 + -222111122121020?
-222111122121102
In base 12, what is 1a5982 + 239?
1a5bbb
In base 13, what is -c04c9a5 - 3?
-c04c9a8
In base 4, what is 303230131013 + -13?
303230131000
In base 14, what is 6b5c - 360?
67dc
In base 4, what is 11321320 + 31111?
12013031
In base 13, what is -17668 - 11cb?
-18866
In base 6, what is -15524402 - -52?
-15524310
In base 6, what is -304001 + 204423?
-55134
In base 13, what is 1534a95 - -3b?
1534b03
In base 5, what is 2401400000 - -133?
2401400133
In base 16, what is 3675c3 + -3?
3675c0
In base 8, what is -44605 + 15636?
-26747
In base 15, what is c83d626 - -5?
c83d62b
In base 16, what is -4 - 9ed494?
-9ed498
In base 15, what is 1 + -11b5ba?
-11b5b9
In base 15, what is 29 - -160acc?
160b06
In base 8, what is 2564 + 13144?
15730
In base 10, what is 1 + 7909548?
7909549
In base 4, what is 12000001113 - 2?
12000001111
In base 15, what is -bb515ee + -4?
-bb51603
In base 6, what is -5 - 12543002142?
-12543002151
In base 7, what is -12 + 211151304?
211151262
In base 13, what is 20 + -c2679c?
-c2677c
In base 16, what is 1 + -9c4b4c3?
-9c4b4c2
In base 3, what is -200102112 + -112201?
-200222020
In base 12, what is -1 - -1ba8827?
1ba8826
In base 13, what is 6717 + -b0?
6637
In base 13, what is -8bb17 + 147?
-8b9a0
In base 5, what is 4131 - 320423400?
-320414214
In base 12, what is 339 - -6364a?
63987
In base 3, what is -1011200101111 + -20?
-1011200101201
In base 8, what is -106362 + -6752?
-115334
In base 13, what is 108 + -24b9c?
-24a94
In base 14, what is 18277bd + -4?
18277b9
In base 9, what is -3028250 - -26?
-3028223
In base 8, what is 2535724 + 42?
2535766
In base 15, what is -1ed8 - -183?
-1d55
In base 5, what is 1 + 12420112132?
12420112133
In base 8, what is 3120100 + 43?
3120143
In base 8, what is 3 + -35521?
-35516
In base 8, what is 130652542 + 4?
130652546
In base 10, what is 652 - 582159?
-581507
In base 9, what is -5 - -11578662?
11578656
In base 11, what is -a6614 + 471?
-a6153
In base 12, what is 5 - 91a939?
-91a934
In base 7, what is -2150010 + 52?
-2146625
In base 7, what is -11104 - 226200?
-240304
In base 2, what is 1000000 - -1111100100111010110000?
1111100100111011110000
In base 14, what is 4d - -aa85dc?
aa864b
In base 3, what is -12 + 2111001020200210?
2111001020200121
In base 2, what is -101 + 100010000010010?
100010000001101
In base 12, what is 21 + -25b393?
-25b372
In base 12, what is a18 + a21b?
b037
In base 2, what is -110001001100111010 + -11100011101?
-110001101001010111
In base 3, what is 200 - -2002112222201012?
2002112222201212
In base 9, what is -507820125 - -2?
-507820123
In base 13, what is -3694 + -3695?
-7059
In base 9, what is 67263 + -243?
67020
In base 10, what is -2827 + -93486?
-96313
In base 13, what is 751a - 21a9?
5341
In base 12, what is 4043409 - 2?
4043407
In base 10, what is 603 + 1102634?
1103237
In base 4, what is 1030232211 - 20?
1030232131
In base 11, what is -2 + -12a7677a?
-12a76781
In base 2, what is 111000101001100101 - -1000110?
111000101010101011
In base 6, what is -235210 + -511?
-240121
In base 3, what is 101112211111122 + -100?
101112211111022
In base 14, what is a8 + 39551d?
3955c7
In base 12, what is -a09 - 5002?
-5a0b
In base 5, what is 1311311122 + 3?
1311311130
In base 5, what is 44313134 - -201?
44313340
In base 6, what is 5155 + 123100?
132255
In base 13, what is aa1 - 5a2b7?
-59516
In base 8, what is -1626770033 - 4?
-1626770037
In base 3, what is -2202102210000202202 - 1?
-2202102210000202210
In base 16, what is eb71f3 + -e?
eb71e5
In base 5, what is 4000 - 2343311?
-2334311
In base 5, what is 1030044340 - 301?
1030044034
In base 4, what is 232132103 + 20222?
232212331
In base 15, what is b97 - -c46?
18dd
In base 15, what is -1b + -1d1b2?
-1d1cd
In base 8, what is -436 + -104310?
-104746
In base 3, what is 1020220000 - -112200?
1021102200
In base 9, what is -38 + 501263?
501224
In base 16, what is -1634 + -1cb?
-17ff
In base 9, what is -102 + 1265382?
1265280
In base 4, what is 1200322333 + 11?
1200323010
In base 15, what is a81a0 - 131?
a806e
In base 9, what is -108846111 + 5?
-108846105
In base 6, what is 24 + -322442215?
-322442151
In base 14, what is 6dc071 + -9?
6dc066
In base 15, what is 5 + 457b811?
457b816
In base 13, what is 4660834 + -2?
4660832
In base 4, what is -232 - -30330110220?
30330103322
In base 5, what is -22303404 - 12?
-22303421
In base 9, what is 25 + -3151012?
-3150876
In base 13, what is 4c7 + 91ac?
96a6
In base 15, what is 1c5 - 16b41?
-1696b
In base 12, what is -9a55 + -17b7?
-b650
In base 13, what is 8585b - 4?
85857
In base 10, what is 1 - 33114620?
-33114619
In base 2, what is -10110010111000 - -110000000?
-10101100111000
In base 14, what is 9 + -461aa?
-461a1
In base 3, what is 1220220 - 202100100220?
-202021110000
In base 4, what is 102303231130 + 12?
102303231202
In base 8, what is 3 - 42103077?
-42103074
In base 8, what is -25061471 - -1?
-25061470
In base 15, what is -5 + 312478?
312473
In base 3, what is -11112 - -1010222100?
1010210211
In base 4, what is 10 - -121003220222?
121003220232
In base 15, what is 9b0 - 74205?
-73745
In base 7, what is -15 + 22411626?
22411611
In base 11, what is -562a + -849?
-6378
In base 5, what is 132100303 - 12130?
132033123
In base 9, what is 142750 + 3735?
146585
In base 6, what is -404 + 1050104?
1045300
In base 5, what is 2 + -3434403343?
-3434403341
In base 14, what is -18 - -9a666?
9a64c
In base 9, what is -226 - -267031?
266704
In base 6, what is -421245 - 155?
-421444
In base 4, what is 3 - 1121323112022?
-1121323112013
In base 2, what is 11010001100000010101010100 + 11?
11010001100000010101010111
In base 14, what is -193d9 + 3c?
-1939b
In base 3, what is 121210202012002 - 111?
121210202011121
In base 9, what is -32 - -20440054?
20440022
In base 5, what is -10 - -434042134?
434042124
In base 7, what 